e of -2*w**3/3 - 7*w**2/2 - w. Suppose 4*i + 12 = -80*t + 92*t, 4*i + 12 = -5*t. Give h(i).
5
Let m(z) = -9*z**2 + 3927*z + 7 - 1980*z - 1945*z. Give m(3).
-68
Let i(m) = -m - 2. Let g = 18 - -2. Suppose 4*y = -3*a - a - g, -a - 5*y = 5. Let w(n) = n**2 + 8*n + 9. Let k be w(a). Give i(k).
4
Let w(v) = -7*v - 147. Let z = -9202 - -9180. Determine w(z).
7
Let u be (1/(-3))/(-7*(-16)/(-1008)). Let j(a) be the third derivative of -3/8*a**4 - 1/120*a**6 + 0*a**u - 2/15*a**5 + 11*a**2 + 0 + 0*a. What is j(-6)?
-18
Let i(d) = 10*d + 3*d**3 + d**3 - 137*d**2 - 9 - 3*d**3 + 125*d**2. Let f = -131 - -142. What is i(f)?
-20
Suppose 96*i + 54*i + 150 = 0. Let c(j) = 10*j**3 + 3*j**2 + 2*j + 1. Determine c(i).
-8
Let h be (32/48)/((-4)/(-834)). Let o(y) = -5 - 143*y**2 + 274*y**2 - h*y**2 - y + y**3. Let p(v) = v**2 + 3*v + 4. Let l be p(-4). Determine o(l).
-13
Suppose -10*f + 84 = -14*f. Let d = 25 + f. Let k(j) = 10*j - 12. Let r(w) = -5*w + 6. Let a(y) = -3*k(y) - 5*r(y). Determine a(d).
-14
Let q(s) be the third derivative of s**6/120 + 19*s**5/60 + 11*s**4/8 - 5*s**3/3 + s**2. Let y be q(-17). Let i(z) = z**2 - 5*z - 5. Give i(y).
9
Suppose 354 - 6 = -j - 4*r, 4*r + 1012 = -3*j. Let k = -338 - j. Let w(l) = -l**3 - 7*l**2 - 5*l + 3. Determine w(k).
-3
Let w(z) = 3*z**2 + 2*z**3 + 0 + 1 - z**2. Let f be (330/297 - (-3)/(-27)) + -3. What is w(f)?
-7
Let n be (-4 - 0 - 9/(-3))*-2. Suppose -2*u - 8 = -4*u - n*m, -3*u - 9 = -4*m. Let f(s) = 0*s - 3 + 4 - 2 + 12*s. Calculate f(u).
11
Let z(u) = u**2 + 7*u - 7. Let k(i) = -i**2 - 21*i - 99. Let p be 41/(-7) - (-11)/(-77). Let a be k(p). Determine z(a).
11
Let r(g) = g**2 - 16*g - 4. Suppose -132 = -15*f + 8*f - 5*f. Determine r(f).
-59
Let n(x) = -4 - 5*x - 5 + 1 + 8*x. Let u(q) = 4*q - 5. Let b(f) = 3*n(f) - 2*u(f). What is b(7)?
-7
Suppose -l + 2*l + 2 = 0. Let o(c) = 18*c**3 - 2*c**2 + 4. Let q(z) = -8*z**3 + z**2 - 2. Let v = 367 - 364. Let i(s) = v*o(s) + 7*q(s). What is i(l)?
18
Let k(g) = -2*g - 2. Let q be k(-2). Let r(h) be the first derivative of 2*h**q - h**2 - 2*h**2 + 0*h**2 + 14. Calculate r(3).
-6
Let f = -3648 - -3651. Let h(x) = 0*x + 3 + 6 - x. Let d be h(f). Let w(i) = i**2 - 5*i - 7. Give w(d).
-1
Let c(n) = 1. Let k(v) = 2*v + 5. Let i(r) = 3*c(r) + k(r). Let l = 740 - 746. Calculate i(l).
-4
Let r(m) = 2*m**3 + 7*m**2 - 8*m + 2. Let v(z) = -z**2 - z. Let u(q) = 3*q**2 + q + 1. Let p(t) = u(t) + 2*v(t). Let y(j) = 5*p(j) - r(j). Give y(-2).
5
Let o(t) = 7*t - 73. Let p = 2592 + -2582. What is o(p)?
-3
Let l = 49 - 47. Suppose -l*j + 3*w + 2*w = 21, -j - 5*w = -27. Let g(t) = 3*t**j + 58*t - 4*t**2 - 53*t - 5. Determine g(6).
-11
Let k(q) = 3*q - 233. Let d be k(76). Let t(o) = o**3 + 6*o**2 + 20*o + 63. What is t(d)?
-12
Let a(z) = -2*z**2 - 10*z + 20. Let i(v) = -4*v**2 - 20*v + 35. Let p(w) = 5*a(w) - 3*i(w). What is p(-5)?
-5
Let q(k) = k**3 - 12*k**2 - 13*k + 14. Let f(a) = 2*a**3 - 24*a**2 - 25*a + 26. Let c(v) = 2*f(v) - 5*q(v). Give c(13).
8
Let j(n) = 605*n + 32 - 8 + 3*n**3 - 605*n - 4*n**3. Calculate j(0).
24
Let j(x) = 321 + 3*x - 79 - 89 - 88 - 78. Calculate j(6).
5
Let c(f) = 3*f - 4*f - 4 + 12. Let t be 6 + 24/(-14) + (-20)/70. Let v be (-1 - (-117)/(-63))/(t/(-14)). Calculate c(v).
-2
Let u(v) = -2933*v + v**2 + 2941*v + 13802 - v**3 - 13810. Determine u(4).
-24
Let r be (-2)/(-9) + -1 + (-300)/(-108). Let i(t) = 0*t**r + 0 + 6 + 0 + t**2 + t**3. Determine i(0).
6
Let s(v) = 48*v + 4818*v**3 - 4819*v**3 - 2*v**2 - 5 - 52*v. Determine s(-2).
3
Let h(c) = c**2 - 8*c + 12. Let v(a) = -5*a**2 + 32*a - 51. Suppose 4*p = 5*j - 7 + 13, -p = -4*j - 7. Let x(y) = j*v(y) - 9*h(y). What is x(-10)?
14
Let q(n) = -513 - 479 + 1112 - 4*n. Let u be q(29). Let o(t) be the third derivative of -t**6/120 + t**5/10 + t**3/6 - 19*t**2. Determine o(u).
33
Suppose 69 = 27*y - 4*y. Let p(i) = 4*i**2 - 9*i - 12*i**2 + y + 7*i**2. Give p(-9).
3
Let q(u) be the second derivative of -u**5/10 + 2*u**4/3 + 2*u**3 + u**2 - 8*u - 85. Give q(5).
12
Let a(j) = 15*j. Let c be 10*(-6 - -5) + 7 - -5. What is a(c)?
30
Let p(a) be the second derivative of a**3/2 - 610*a. Let t(v) = -v**3 + 11*v**2 - 8*v - 14. Let w be t(10). What is p(w)?
18
Let x(r) = -9*r + 43. Let n be x(7). Let q be -2*((-10)/15 + n/(-12)). Let g(j) = 2*j + 3. Determine g(q).
-1
Suppose -142*f = -155*f. Suppose -7 = 5*a - g, 3*a + g - 6*g + 13 = f. Let x(r) = -6*r**2 - 1. Give x(a).
-7
Suppose 4 = 3*p - 20. Let r(w) be the first derivative of -w**3/3 + w**2/2 + 6*w - 20487. What is r(p)?
-50
Suppose 121*n - 123*n = -6. Let a be 45/(-39) + 10/195*n. Let z(j) = 19*j**3 - 2*j - 1. Give z(a).
-18
Let y = 24 - -13. Let m(g) = -g**3 - 14*g**2 - 37*g - 81. Let p be m(-11). Let b = y + p. Let o(a) = a**3 + a**2 - a. Give o(b).
0
Suppose 79 = -5*c + 54. Let z(g) be the first derivative of g**3/3 + 7*g**2/2 + 2*g - 8. Calculate z(c).
-8
Let g(s) = s**3 + 46*s**2 - 94*s + 100. Let i(p) = -2*p - 62. Let f be i(-7). Let r be g(f). Let m(v) = v - 6. Determine m(r).
-2
Let k(f) = -f**2 + 3*f + 11. Suppose -5*m - 2*o - 29 = 0, -4*m = -5*m + 2*o - 1. What is k(m)?
-29
Let l(d) = 5*d**2 + 14*d + 11. Let y(z) = 11*z**2 + 29*z + 23. Let i(h) = 13*l(h) - 6*y(h). Suppose 2*w - 31 = -5*t, 7*t - 5*t = -5*w + 46. Give i(w).
5
Let h(t) be the first derivative of -3*t**2/2 - 16*t - 446. Determine h(-3).
-7
Suppose 0 = 15*i - 243 + 33. Let o(g) = g**2 - 15*g + 10. Let d be o(i). Let c(y) = y + 2. Calculate c(d).
-2
Let z(x) = 12 - x**2 - 28*x - 8 + 6*x + 9*x + 7*x. Determine z(-7).
-3
Let b(v) = -3*v**2 + v - 4. Let q(u) = -6*u**2 + 2*u - 5. Let r(w) = -2*w**2 + w - 1. Let k(j) = -q(j) + r(j). Let c(s) = 3*b(s) + 2*k(s). Determine c(-3).
-16
Let u(t) be the second derivative of 17*t**3/6 + 39*t**2/2 - 2418*t. Calculate u(-2).
5
Let r(i) = i**3 - 4*i**2 - 10*i + 9. Let o(q) = -7*q - 50. Let u be -6 - (-7 - -6) - 1*3. Let g be o(u). Give r(g).
21
Let s be (-50)/15*24/(-10). Let x = s - 11. Let v(c) be the second derivative of c**5/20 + c**4/4 - c**3/3 - c**2 - 10*c + 1. Give v(x).
4
Let g(r) be the second derivative of r**3/3 - 15*r**2/2 + 24065*r. Suppose -l - 5 = -5*m, -3*l + 8*l = 3*m + 19. Calculate g(l).
-5
Let t(q) be the third derivative of -q**5/60 + 7*q**4/6 - 59*q**3/3 - q**2 + 11*q - 19. What is t(25)?
-43
Suppose -4 - 8 = -3*k. Let n(y) = -y - 2 + k*y - y - 3*y. Let b be 0 + (-26)/8 + (-5)/(-20). What is n(b)?
1
Let f(t) = -2*t + 3. Let q(c) = -270*c. Let h be q(-1). Let j be (h/8)/(-9)*4. Let z be (j/1)/(-5) - -2. Calculate f(z).
-7
Let z(v) = -6*v**2 - 13*v + 8. Let d(u) = -7*u**2 - 13*u + 8. Let h(f) = 5*d(f) - 6*z(f). Let w be -4 + 9/(-6) + 3 + 1407/(-134). Determine h(w).
-8
Let b(x) = x - 6. Let w(c) = 14*c + 157. Let g be w(-11). Suppose 4*h + 5*f = -10, 5*f = -5*h + g*h. Give b(h).
-11
Let g(l) = 153486*l**2 - 19*l + l**3 - 8 - 306980*l**2 + 153487*l**2. What is g(9)?
-17
Let k(q) = -q**2 - 4*q - 3. Let z be (-2)/(-6) - (-2 - 398/3). Let o = z - 140. Give k(o).
-8
Let c be 8/(4 - 8) + 4. Let r(j) = -3*j + c*j - 1 + 0*j. Let h(l) = 8*l - 33. Let i be h(4). What is r(i)?
0
Let k(g) = -g - 4. Let z be k(-6). Let f(d) be the first derivative of -3*d**2 + d - 177. Determine f(z).
-11
Let z(n) = -17*n + 74. Let v be z(4). Suppose v*j = -16*j - 88. Let c(h) be the first derivative of h**3/3 + 3*h**2/2 + 7. Give c(j).
4
Let r be ((-4)/(-7))/(-3 - 172/(-56)). Suppose -6*c - 24 = -r*c. Suppose -39 = -3*z - c. Let f(y) = y**2 - 9*y - 4. Calculate f(z).
-4
Let x(y) = -y**3 - 6*y**2 - 3*y - 11. Let m be x(-6). Let d be (m + -1)/((-7)/(175/(-10))). Let b(q) = 1 + d*q + 0*q - 1 - 1. Give b(-1).
-16
Let w(m) = -m**3 + m + 11. Let f be (-66)/(-21) - (-6)/(-42). Let s be (f - 4 - -1)/1. Calculate w(s).
11
Suppose -5*a + 13 = c, -c - 46*a + 51*a + 3 = 0. Let f(d) = -3*d + 18. Determine f(c).
-6
Suppose -u = 3*t - 23, -5*u + 28 = 5*t - 27. Let j(q) = q**3 - 7*q**2 + 5*q - 20. Give j(t).
-26
Let r be (2 - 1)/(-1 + 0). Let m(p) = -27*p**2 + 19*p + 8. Let y = -130 - -119. Let o(b) = -9*b**2 + 7*b + 3. Let v(u) = y*o(u) + 4*m(u). What is v(r)?
-9
Let w be 9 - ((-3)/(-3) - -2). Suppose 0 = -2*d - 5 + 13. Let l(x) = -x**3 + 151 + w*x**2 - d*x + x - 150. Give l(5).
11
Let c = -1538 - -1514. Let p(b) = b**2 + 21*b - 74. Give p(c).
-2
Let s(w) = 16*w - 107. Let u(g) = 2*g